ue
Is 1206397 composite?
True
Is 31546247 composite?
True
Is 12534861 prime?
False
Is 50762777 a prime number?
False
Is 156350779 a prime number?
False
Is 498767 composite?
False
Is 4514173 a prime number?
True
Is 1848527 prime?
False
Is 72391409 composite?
False
Is 84700021 composite?
True
Is 8355397 composite?
True
Is 6653774 a prime number?
False
Is 4009771 a prime number?
False
Is 1979579 a prime number?
False
Is 505101179 prime?
False
Is 29988271 a prime number?
False
Is 918041 a prime number?
True
Is 8260399 composite?
True
Is 20448511 a prime number?
True
Is 43574537 a prime number?
True
Is 18807149 a prime number?
False
Is 13865743 prime?
False
Is 4434629 composite?
False
Is 4616497 prime?
True
Is 2679869 a prime number?
True
Is 2765173 prime?
True
Is 3038513 a prime number?
True
Is 30541451 composite?
False
Is 3829079 composite?
False
Is 100598965 prime?
False
Is 48962609 a prime number?
False
Is 4591406 a composite number?
True
Is 308708441 a composite number?
False
Is 12571085 a prime number?
False
Is 17267027 a composite number?
True
Is 58145917 a composite number?
False
Is 1063955 a prime number?
False
Is 349243403 composite?
False
Is 63485839 a prime number?
True
Is 14112613 prime?
True
Is 12559763 a prime number?
False
Is 20713489 composite?
False
Is 26055947 a composite number?
False
Is 23873837 a composite number?
True
Is 5221501 prime?
True
Is 9772019 a composite number?
False
Is 67031971 a prime number?
False
Is 61119181 prime?
False
Is 207950731 composite?
False
Is 27669113 composite?
False
Is 23908243 a composite number?
False
Is 148771891 composite?
True
Is 77929 composite?
False
Is 121170889 a prime number?
False
Is 227807381 a composite number?
True
Is 256323539 a prime number?
False
Is 321959 prime?
False
Is 899799 composite?
True
Is 90261791 prime?
False
Is 388392037 a prime number?
False
Is 49731001 a prime number?
False
Is 394083721 a composite number?
False
Is 31940963 prime?
True
Is 77800285 prime?
False
Is 280749563 prime?
False
Is 16453247 prime?
True
Is 66517493 a prime number?
False
Is 111331499 a composite number?
True
Is 40732267 composite?
True
Is 1326817 composite?
False
Is 539540459 a composite number?
False
Is 122601007 prime?
True
Is 18746773 a composite number?
False
Is 5446127 a prime number?
True
Is 139942673 a prime number?
False
Is 4674503 composite?
False
Is 3281351 prime?
True
Is 24936413 composite?
False
Is 51449705 a prime number?
False
Is 6681751 composite?
False
Is 58592381 a composite number?
True
Is 1617211 a prime number?
True
Is 1260797 composite?
False
Is 545543 prime?
True
Is 41673505 a prime number?
False
Is 254717 composite?
True
Is 153191 a prime number?
True
Is 92078809 a composite number?
True
Is 117642191 prime?
True
Is 4332577 a composite number?
False
Is 5067593 a composite number?
True
Is 1151287 composite?
False
Is 57941101 a composite number?
True
Is 33953819 composite?
True
Is 19239559 prime?
False
Is 3083359 composite?
False
Is 25294103 a prime number?
False
Is 521087 a composite number?
True
Is 1119917521 a composite number?
False
Is 378919 prime?
True
Is 21110051 composite?
False
Is 8974481 prime?
True
Is 654016433 a prime number?
False
Is 54983919 composite?
True
Is 1351381 a composite number?
True
Is 19339063 composite?
False
Is 1379909 prime?
False
Is 157509907 a prime number?
False
Is 20873471 a prime number?
True
Is 1109705 a prime number?
False
Is 3766073 a prime number?
True
Is 1652407 a composite number?
False
Is 407977483 a prime number?
False
Is 17138549 prime?
True
Is 5613593 a composite number?
True
Is 391268827 prime?
True
Is 246739 prime?
True
Is 480433 composite?
True
Is 21317437 composite?
False
Is 14282329 composite?
True
Is 48551933 composite?
False
Is 2290969 composite?
False
Is 259819031 a composite number?
False
Is 409973023 prime?
True
Is 104503669 composite?
False
Is 656050463 prime?
False
Is 104853097 composite?
False
Is 9246163 prime?
True
Is 1515529 prime?
False
Is 52970821 a prime number?
True
Is 75766637 a composite number?
True
Is 9319319 prime?
True
Is 1680251 composite?
True
Is 226459517 composite?
False
Is 3994121 composite?
False
Is 10515731 a prime number?
True
Is 10848521 a composite number?
False
Is 3141601 a composite number?
False
Is 99821339 composite?
False
Is 44722759 a prime number?
False
Is 113567 composite?
False
Is 39754054 prime?
False
Is 11213281 prime?
True
Is 277369 a prime number?
False
Is 6854453 prime?
True
Is 270803041 prime?
True
Is 11431373 a prime number?
True
Is 842603 composite?
True
Is 3769637 composite?
False
Is 31036151 a composite number?
False
Is 334807279 a prime number?
False
Is 14400605 composite?
True
Is 414661061 a prime number?
True
Is 803087 a composite number?
False
Is 31966633 a prime number?
True
Is 4851529 composite?
False
Is 17605723 a prime number?
False
Is 49598209 prime?
False
Is 24624577 a composite number?
True
Is 1829731 a composite number?
True
Is 526829 a prime number?
True
Is 369897421 prime?
True
Is 1027643 prime?
True
Is 33829513 composite?
False
Is 224689 prime?
False
Is 28884927 a composite number?
True
Is 12928541 composite?
True
Is 102604505 composite?
True
Is 2510017 a composite number?
False
Is 30820711 a prime number?
False
Is 260550151 a composite number?
True
Is 81160753 a prime number?
True
Is 1246140523 prime?
False
Is 44886763 a composite number?
False
Is 87064819 a composite number?
False
Is 1803629 a prime number?
True
Is 47415821 prime?
False
Is 19721467 a composite number?
False
Is 6441833 composite?
False
Is 218933779 a composite number?
False
Is 205345913 a prime number?
True
Is 2081669 a composite number?
True
Is 844380079 prime?
True
Is 8121401 prime?
True
Is 185739761 a composite number?
False
Is 806230573 composite?
False
Is 33742165 composite?
True
Is 640747 a composite number?
True
Is 10223093 composite?
False
Is 581899 prime?
False
Is 1016749 a prime number?
True
Is 64764605 a composite number?
True
Is 164736679 composite?
False
Is 188346745 a prime number?
False
Is 873943249 composite?
True
Is 66586423 a prime number?
True
Is 162695237 composite?
False
Is 2116039 a prime number?
True
Is 17640991 composite?
True
Is 17036099 a composite number?
True
Is 9346895 prime?
False
Is 64407769 composite?
False
Is 1329269771 composite?
False
Is 186238189 a composite number?
True
Is 3827471 prime?
False
Is 1135723 prime?
False
Is 19050721 composite?
True
Is 130033331 prime?
True
Is 3631933 a prime number?
False
Is 87418493 a prime number?
True
Is 59119943 prime?
True
Is 946201019 composite?
True
Is 8003459 a prime number?
True
Is 11527147 a prime number?
True
Is 75937313 composite?
True
Is 24840605 a composite number?
True
Is 271593937 a composite number?
True
Is 75343253 composite?
True
Is 733697 prime?
True
Is 124177 prime?
False
Is 19583593 prime?
False
Is 1158011 prime?
True
Is 13271593 a composite number?
False
Is 2334133 composite?
True
Is 14535701 a prime number?
False
Is 9871573 a composite number?
False
Is 598741379 a composite number?
False
Is 2135921 composite?
False
Is 4486659 a prime number?
False
Is 3926423 a composite number?
False
Is 64151 composite?
False
Is 21764219 composite?
False
Is 12265129 a prime number?
True
Is 244179085 composite?
True
Is 15185543 a prime number?
False
Is 3081081 prime?
False
Is 152797 a prime number?
False
Is 165525793 a composite number?
False
Is 753550973 prime?
False
Is 9765109 composite?
False
Is 9859417 a composite number?
False
Is 930061 prime?
False
Is 1113327143 composite?
False
Is 155705869 a composite number?
True
Is 216110543 prime?
False
Is 25002191 prime?
True
Is 140912971 a composite number?
True
Is 3503827 prime?
False
Is 14029909 prime?
False
Is 139284827 prime?
False
Is 4338799 prime?
True
Is 104677873 a prime number?
True
Is 146055479 a prime number?
True
Is 43225379 a prime number?
True
Is 4799155 composite?
True
Is 6507029 composite?
True
Is 220747 a composite number?
False
Is 677767 a composite number?
False
Is 6896917 a composite number?
True
Is 6760879 a composite number?
True
Is 32131961 a composite number?
True
Is 104848313 prime?
False
Is 346436917 prime?
True
Is 5259403 a prime number?
False
Is 429496121 prime?
False
Is 4547791 a prime number?
True
Is 111215237 prime?
False
Is 17612281 a composite nu